{"id":4033,"date":"2022-12-21T14:54:33","date_gmt":"2022-12-21T13:54:33","guid":{"rendered":"https:\/\/www.anciennes-collections.com\/produit\/1-4-decu-louis-xiv-a-la-meche-courte-1644-a-avec-beliere\/"},"modified":"2023-08-08T11:50:45","modified_gmt":"2023-08-08T09:50:45","slug":"1-4-decu-louis-xiv-a-la-meche-courte-1644-a-avec-beliere","status":"publish","type":"product","link":"https:\/\/www.anciennes-collections.com\/en\/product\/1-4-decu-louis-xiv-a-la-meche-courte-1644-a-avec-beliere\/","title":{"rendered":"1\/4 d&#8217;\u00e9cu Louis XIV \u00e0 la m\u00e8che courte 1644 A avec b\u00e9li\u00e8re"},"content":{"rendered":"<p>1\/4 d&#8217;\u00e9cu Louis XIV \u00e0 la m\u00e8che courte 1644 A avec b\u00e9li\u00e8re<\/p>\n","protected":false},"excerpt":{"rendered":"<p>1\/4 d&#8217;\u00e9cu Louis XIV \u00e0 la m\u00e8che courte 1644 A avec b\u00e9li\u00e8re<\/p>\n","protected":false},"featured_media":4008,"template":"","meta":[],"product_cat":[67,72],"product_tag":[],"_links":{"self":[{"href":"https:\/\/www.anciennes-collections.com\/en\/wp-json\/wp\/v2\/product\/4033"}],"collection":[{"href":"https:\/\/www.anciennes-collections.com\/en\/wp-json\/wp\/v2\/product"}],"about":[{"href":"https:\/\/www.anciennes-collections.com\/en\/wp-json\/wp\/v2\/types\/product"}],"wp:featuredmedia":[{"embeddable":true,"href":"https:\/\/www.anciennes-collections.com\/en\/wp-json\/wp\/v2\/media\/4008"}],"wp:attachment":[{"href":"https:\/\/www.anciennes-collections.com\/en\/wp-json\/wp\/v2\/media?parent=4033"}],"wp:term":[{"taxonomy":"product_cat","embeddable":true,"href":"https:\/\/www.anciennes-collections.com\/en\/wp-json\/wp\/v2\/product_cat?post=4033"},{"taxonomy":"product_tag","embeddable":true,"href":"https:\/\/www.anciennes-collections.com\/en\/wp-json\/wp\/v2\/product_tag?post=4033"}],"curies":[{"name":"wp","href":"https:\/\/api.w.org\/{rel}","templated":true}]}}

1/4 d&#8217;écu Louis XIV à la mèche courte 1644 A avec bélière

<p>1/4 d&#8217;écu Louis XIV à la mèche courte 1644 A avec bélière</p>
